3*r**2 - 2*r - 5. Let g be z(4). Let t = 51 - g. Suppose 0*y - 2*y = -18. Calculate the remainder when t is divided by y.
7
Let f(d) = -d - 3. Suppose -3*u = -w - 3, 3*w - 8 = 2*u - 3. What is the remainder when w is divided by f(-6)?
0
Let o = 7 + 18. Calculate the remainder when 99 is divided by o.
24
Suppose y + 0 - 2 = 0. Suppose -y*i + 3*o + 72 = 2*i, -4*o = 4*i - 72. Calculate the remainder when i is divided by 10.
8
Let m = 155 + 50. Let w = -103 + m. What is the remainder when w is divided by 26?
24
Let z = -54 - -75. Suppose 2*m + c - 15 = 0, 3*m + 0*c = -2*c + z. Let o(f) = -f**3 - 2*f**2 - 4*f - 3. What is the remainder when m is divided by o(-2)?
4
Let h be (-11 - 3) + (-2)/(-1). Let s = h - -31. Calculate the remainder when 75 is divided by s.
18
Suppose 7*i = -7 + 35. Calculate the remainder when 22 is divided by i.
2
Let m = -13 + 21. Suppose -3*n + m + 4 = 0. Suppose 30 = n*a - 22. Calculate the remainder when a is divided by 7.
6
Let z be -6 + -1 + (1 - -1). Let i(u) = u**2 - 4 - 1 + u - 3*u**2 + 4*u**2. Calculate the remainder when i(z) is divided by 21.
19
Let l be 10/(-4)*12/(-15). Suppose 0 = -l*y - y + 114. What is the remainder when 1*(0 + y - 1) is divided by 13?
11
Suppose -3*a - a = 2*i, 0 = -3*i. Calculate the remainder when (1 + a)*(-7)/(-1) is divided by 4.
3
Calculate the remainder when 42 is divided by (4 + -15)*(-5 + 3)*1.
20
Let d = -11 + 16. Suppose 0 = -5*i - d + 65. Calculate the remainder when (i/15)/(2/10) is divided by 2.
0
Let f = -4 + 9. Suppose -f*g + 52 = -13. Calculate the remainder when 24 is divided by g.
11
Suppose 2*k + 25 = -3*k, -2*p = k - 19. Calculate the remainder when 33 is divided by p.
9
Suppose 0 = -4*t + 7*t. Let j(u) = -u + 17. Calculate the remainder when 49 is divided by j(t).
15
Let u(c) = c**3 - 4*c**2 - 8*c + 1. Let z be (-32)/(-6) + (-8)/(-12). What is the remainder when u(z) is divided by (-2)/(-2) + 1 - -7?
7
Let q(g) = g + 6. Let n = -7 + 54. What is the remainder when n is divided by q(6)?
11
Let x(d) = -d**3 + 2*d + 1. What is the remainder when 9 is divided by x(-2)?
4
Let h = 6 - 4. Suppose -8 = -h*j - 0. Suppose -1 = x + 3*p - 2, 5*x - 25 = -5*p. What is the remainder when x is divided by j?
3
Suppose 32 - 113 = -3*w. Let m = 58 - w. What is the remainder when m is divided by 66/8 - 6/24?
7
Let i = 18 - -14. What is the remainder when i is divided by 11?
10
Let p(m) = 13*m**2 + 2*m + 1. Suppose -f = -3 + 2, 3*f = -4*l + 79. Let i = l + -2. What is the remainder when p(-2) is divided by i?
15
Let r(p) = p**2 - 5*p + 2. Let z be r(5). Let y = -2 + z. Suppose y = c - 3*c + 22. What is the remainder when 20 is divided by c?
9
Suppose -5*n = -b + 110, -3*n + 5*n = 3*b - 57. Let p = n - -43. Let y = p + -14. Calculate the remainder when y is divided by 5.
3
Let h = 42 - 29. What is the remainder when 60 is divided by h?
8
Let v(c) = -16*c - 2. Calculate the remainder when v(-10) is divided by 20.
18
Let h be 66/4 - (-3)/(-2). Suppose -h = -5*r + 50. What is the remainder when 38 is divided by r?
12
Suppose 5 = q, 4*n - 2*q - 3*q + 37 = 0. Suppose 4*h + 8 = -0. Calculate the remainder when h/n - 76/(-12) is divided by 3.
1
Let q = 8 - -14. Let s = 30 - 18. Let l = q - s. What is the remainder when 28 is divided by l?
8
Let c(g) = -8 + g + 5*g**2 + 2*g**3 - g**3 + 3*g**2 - 2*g. Let z be c(-8). Suppose -3*s - s + 48 = z. What is the remainder when 22 is divided by s?
10
Let n(f) = 27*f - 9. Calculate the remainder when 31 is divided by n(1).
13
Let j(u) = u + 4. Suppose -k - 2*k = 0. Let y = k + 1. Calculate the remainder when y is divided by j(-3).
0
Suppose -z = -2*n + 8, -7 = -3*n - z - 0. Suppose 21 = 2*w - n*y, -5*w + 2*y = -48 + 12. What is the remainder when ((-4)/w)/(10/(-405)) is divided by 7?
6
Calculate the remainder when ((-3)/6)/((-3)/114) is divided by 10.
9
Suppose 5*c = b - 21 - 36, 0 = -5*c. Suppose 2*o + o - b = 0. Calculate the remainder when o is divided by 7.
5
Calculate the remainder when 42 is divided by ((-6)/1)/((-20)/30).
6
Suppose -5*z + 4*z = -12. Calculate the remainder when 20 is divided by z.
8
Suppose -r - 6*v + 4*v = 0, v = r - 15. What is the remainder when 17 is divided by r?
7
Let y = -145 - -184. Suppose -2*p + 3*p = 14. Calculate the remainder when y is divided by p.
11
Let b(q) = -q**3 + 7*q**2 - 5*q - 4. Let x be b(6). Let o = 11 + x. Calculate the remainder when 25 is divided by o.
12
Let p = 58 - 16. Suppose -3*c + p = 3*v, -v + 3*c = c - 8. Calculate the remainder when 33 is divided by v.
9
Let c be (20/6)/((-4)/(-42)). Suppose 5*g - 6*g + c = 0. Suppose -2*j + 34 = 2*d, j - d - 2*d + 3 = 0. What is the remainder when g is divided by j?
11
Let l = -76 + 108. Let p(n) = -5*n + 1. Let h(q) = q**3 - 5*q**2 + 4*q - 2. Let z be h(4). Calculate the remainder when l is divided by p(z).
10
Let b(f) = f**3 + 6*f**2 + 3*f - 5. Let k(s) = 13*s**2 + s. Let r be -1*(-1 + -2)/3. What is the remainder when k(r) is divided by b(-5)?
4
Let w be (-568)/(-22) - (-2)/11. Calculate the remainder when 50 is divided by (w/4)/(1/2).
11
Suppose -4*x = y - 24, -x - 4 = -2*y - 1. What is the remainder when (-6)/(-9)*(1 + 11) is divided by (2/y)/((-1)/(-6))?
2
What is the remainder when ((-2)/4)/((-3)/402) is divided by 17?
16
Let k = 255 + -250. Calculate the remainder when (-4)/(-18) - (-61)/9 is divided by k.
2
Let w(x) = 4*x**2 - x - 1. Let i = 6 - 4. Calculate the remainder when 37 is divided by w(i).
11
Suppose -y - 136 = -3*y. What is the remainder when y is divided by 35?
33
Suppose 11*u = 2210 - 648. Calculate the remainder when u is divided by 29.
26
Let r(s) = s**2 + 12*s - 1. What is the remainder when r(-15) is divided by 25 + 0 + 1*-2?
21
Let w = 94 - -41. Suppose 8*z - 3*z = 3*s - w, 0 = -2*z. Calculate the remainder when s is divided by 24.
21
Let m = 901 + -397. Suppose m = 8*u - 2*u. What is the remainder when u is divided by 29?
26
Suppose 4*a - 3*a - 21 = 0. Calculate the remainder when 62 is divided by a.
20
Let g(i) = -i + 29. Calculate the remainder when 2 - (-8*4 - 0) is divided by g(11).
16
Let s(m) = -16*m - 2. Let h be s(-1). Let z = 11 + h. What is the remainder when 99 is divided by z?
24
Let v be (-11 + -9)*(-2 + 1). Suppose 4*b = -4*o + 3*o + v, -3*o + 4*b + 12 = 0. What is the remainder when (4/2 + 12)*1 is divided by o?
6
Let i = 118 - 72. Calculate the remainder when i is divided by 17.
12
Let t = -2 - -18. Calculate the remainder when t is divided by 6.
4
Let x(j) = -j**2 + 6*j - 7. Let d(a) = -a**3 + 2*a + 3. Let h be d(-2). Let i be x(h). Let s = i - -20. What is the remainder when 17 is divided by s?
5
Let u(w) = w**3 + 3*w**2 - 3*w - 2. Let o(b) = -2*b + 12. Let g be o(8). Let h be u(g). Let a(s) = -5*s + 5. What is the remainder when a(h) is divided by 12?
11
Let m(f) = f - 4. Let q be m(7). Suppose -20 = q*x - 4*x. What is the remainder when x is divided by 7?
6
Suppose 0 = -0*f + f - 80. Let w = f - 43. Calculate the remainder when w is divided by 13.
11
Suppose 0 = -5*z + 14 + 1. Suppose 2*i = z*p - 18, -5*p + 5*i - 3*i + 26 = 0. What is the remainder when 7 is divided by p?
3
Let h(l) = 10*l**2 + l + 1. Let v be (-4)/(-6)*(-39)/(-13). Calculate the remainder when h(v) is divided by 15.
13
Suppose 7 = -3*n + 1. What is the remainder when (-3)/42*-6 + (-100)/(-28) is divided by (n/(-6))/((-3)/(-18))?
0
Suppose -d + 3*d - 40 = 0. Let u(v) = 29*v**2. What is the remainder when u(-1) is divided by (-3)/2*d/(-3)?
9
What is the remainder when 1*(372/9 - (-3)/(-9)) is divided by 12?
5
Suppose -5*z = -4*i + 8, 3*z + 3 = i + 1. Let m(j) = -1 - j + 2*j + 2*j. Calculate the remainder when 13 is divided by m(i).
3
Let r = 44 - 37. Calculate the remainder when r is divided by 6.
1
Let r(f) = 14*f**3 - f. Let u be r(1). Suppose 5*t + 5*j - 5 = 0, -3*j + 0 = 5*t - u. Suppose -q = -2*q + t. Calculate the remainder when 8 is divided by q.
3
Suppose 0 = 5*t + 8 + 32. What is the remainder when 81 is divided by t/(-28) - 290/(-14)?
18
Let l = -35 + 7. Let w = l + 51. Calculate the remainder when w is divided by 12.
11
Let y(l) = l**3 + 3*l**2 - 6*l - 4. Let d be y(-4). Suppose d*z - 19 = 1, -3*z - 3 = -2*n. What is the remainder when 35 is divided by n?
8
Suppose -2*x - 20 + 24 = 0. Suppose 0 = o + 2*h - 4, -3*o - 2*h + 8 = -0*o. Calcula